{"id":575,"date":"2017-11-16T17:35:38","date_gmt":"2017-11-16T16:35:38","guid":{"rendered":"http:\/\/macadamtraining.fr\/mon-kilometre-sante\/?page_id=575"},"modified":"2021-01-04T08:59:28","modified_gmt":"2021-01-04T07:59:28","slug":"devenir-macadamtrainer-sinscrire-a-nos-formations","status":"publish","type":"page","link":"https:\/\/macadamtraining.fr\/mon-kilometre-sante\/devenir-macadamtrainer-sinscrire-a-nos-formations\/","title":{"rendered":"Devenir coach macadamtrainer, s&rsquo;inscrire \u00e0 nos formations&#8230;"},"content":{"rendered":"[et_pb_section fb_built=\u00a0\u00bb1&Prime; module_class=\u00a0\u00bblogo-hdp\u00a0\u00bb _builder_version=\u00a0\u00bb3.22&Prime; background_image=\u00a0\u00bbhttps:\/\/macadamtraining.fr\/mon-kilometre-sante\/wp-content\/uploads\/2017\/12\/parcours_macadam-1600&#215;420.jpg\u00a0\u00bb background_size=\u00a0\u00bbcontain\u00a0\u00bb background_position=\u00a0\u00bbtop_center\u00a0\u00bb custom_css_main_element=\u00a0\u00bbpadding-top: 30px !important;\u00a0\u00bb collapsed=\u00a0\u00bbon\u00a0\u00bb][et_pb_row column_structure=\u00a0\u00bb1_4,1_2,1_4&Prime; _builder_version=\u00a0\u00bb3.25&Prime;][et_pb_column type=\u00a0\u00bb1_4&Prime; _builder_version=\u00a0\u00bb3.25&Prime; custom_padding=\u00a0\u00bb|||\u00a0\u00bb custom_padding__hover=\u00a0\u00bb|||\u00a0\u00bb][\/et_pb_column][et_pb_column type=\u00a0\u00bb1_2&Prime; _builder_version=\u00a0\u00bb3.25&Prime; custom_padding=\u00a0\u00bb|||\u00a0\u00bb custom_padding__hover=\u00a0\u00bb|||\u00a0\u00bb][et_pb_image src=\u00a0\u00bbhttps:\/\/macadamtraining.fr\/mon-kilometre-sante\/wp-content\/uploads\/2017\/11\/logo-ok-noiretbleu-400px.png\u00a0\u00bb url=\u00a0\u00bbhttps:\/\/macadamtraining.fr\/mon-kilometre-sante\/\u00a0\u00bb align=\u00a0\u00bbcenter\u00a0\u00bb align_tablet=\u00a0\u00bbcenter\u00a0\u00bb align_phone=\u00a0\u00bb\u00a0\u00bb align_last_edited=\u00a0\u00bbon|desktop\u00a0\u00bb _builder_version=\u00a0\u00bb3.23&Prime; always_center_on_mobile=\u00a0\u00bbon\u00a0\u00bb][\/et_pb_image][\/et_pb_column][et_pb_column type=\u00a0\u00bb1_4&Prime; _builder_version=\u00a0\u00bb3.25&Prime; custom_padding=\u00a0\u00bb|||\u00a0\u00bb custom_padding__hover=\u00a0\u00bb|||\u00a0\u00bb][\/et_pb_column][\/et_pb_row][\/et_pb_section][et_pb_section fb_built=\u00a0\u00bb1&Prime; module_class=\u00a0\u00bblogo-hdp\u00a0\u00bb _builder_version=\u00a0\u00bb3.22&Prime; custom_css_main_element=\u00a0\u00bbpadding-top: 30px !important;\u00a0\u00bb collapsed=\u00a0\u00bbon\u00a0\u00bb][et_pb_row _builder_version=\u00a0\u00bb3.25&Prime; background_size=\u00a0\u00bbinitial\u00a0\u00bb background_position=\u00a0\u00bbtop_left\u00a0\u00bb background_repeat=\u00a0\u00bbrepeat\u00a0\u00bb][et_pb_column type=\u00a0\u00bb4_4&Prime; _builder_version=\u00a0\u00bb3.25&Prime; custom_padding=\u00a0\u00bb|||\u00a0\u00bb custom_padding__hover=\u00a0\u00bb|||\u00a0\u00bb][et_pb_post_title meta=\u00a0\u00bboff\u00a0\u00bb featured_image=\u00a0\u00bboff\u00a0\u00bb _builder_version=\u00a0\u00bb3.0.87&Prime; border_style=\u00a0\u00bbsolid\u00a0\u00bb][\/et_pb_post_title][et_pb_code]\n<div class=\"wpcf7 no-js\" id=\"wpcf7-f973-o1\" lang=\"fr-FR\" dir=\"ltr\" data-wpcf7-id=\"973\">\n<div class=\"screen-reader-response\"><p role=\"status\" aria-live=\"polite\" aria-atomic=\"true\"><\/p> <ul><\/ul><\/div>\n<form action=\"\/mon-kilometre-sante\/wp-json\/wp\/v2\/pages\/575#wpcf7-f973-o1\" method=\"post\" class=\"wpcf7-form init\" aria-label=\"Formulaire de contact\" novalidate=\"novalidate\" data-status=\"init\">\n<fieldset class=\"hidden-fields-container\"><input type=\"hidden\" name=\"_wpcf7\" value=\"973\" \/><input type=\"hidden\" name=\"_wpcf7_version\" value=\"6.1.5\" \/><input type=\"hidden\" name=\"_wpcf7_locale\" value=\"fr_FR\" \/><input type=\"hidden\" name=\"_wpcf7_unit_tag\" value=\"wpcf7-f973-o1\" \/><input type=\"hidden\" name=\"_wpcf7_container_post\" value=\"0\" \/><input type=\"hidden\" name=\"_wpcf7_posted_data_hash\" value=\"\" \/><input type=\"hidden\" name=\"_wpcf7_recaptcha_response\" value=\"\" \/>\n<\/fieldset>\n<p class=\"form7-FG\"><br \/>\n<label> Votre nom (obligatoire)<br \/>\n<span class=\"wpcf7-form-control-wrap\" data-name=\"your-name\"><input size=\"40\" maxlength=\"400\" class=\"wpcf7-form-control wpcf7-text wpcf7-validates-as-required\" aria-required=\"true\" aria-invalid=\"false\" value=\"\" type=\"text\" name=\"your-name\" \/><\/span> <\/label>\n<\/p>\n<p class=\"form7-FG\"><br \/>\n<label> Votre pr\u00e9nom (si vous le souhaitez)<br \/>\n<span class=\"wpcf7-form-control-wrap\" data-name=\"your-prename\"><input size=\"40\" maxlength=\"400\" class=\"wpcf7-form-control wpcf7-text\" aria-invalid=\"false\" value=\"\" type=\"text\" name=\"your-prename\" \/><\/span> <\/label>\n<\/p>\n<p class=\"form7-FG\"><br \/>\n<label> Votre e-mail (obligatoire)<br \/>\n<span class=\"wpcf7-form-control-wrap\" data-name=\"your-email\"><input size=\"40\" maxlength=\"400\" class=\"wpcf7-form-control wpcf7-email wpcf7-validates-as-required wpcf7-text wpcf7-validates-as-email\" aria-required=\"true\" aria-invalid=\"false\" value=\"\" type=\"email\" name=\"your-email\" \/><\/span> <\/label>\n<\/p>\n<p class=\"form7-FG\"><br \/>\n<label> Votre t\u00e9l\u00e9phone (facultatif)<br \/>\n<span class=\"wpcf7-form-control-wrap\" data-name=\"tel-224\"><input size=\"40\" maxlength=\"400\" class=\"wpcf7-form-control wpcf7-tel wpcf7-text wpcf7-validates-as-tel\" id=\"tel\" aria-invalid=\"false\" placeholder=\"XX XX XX XX XX\" value=\"\" type=\"tel\" name=\"tel-224\" \/><\/span> <\/label>\n<\/p>\n<p class=\"form7-FG\"><br \/>\n<label> Code postal de r\u00e9sidence<br \/>\n<span class=\"wpcf7-form-control-wrap\" data-name=\"your-CP\"><input size=\"40\" maxlength=\"400\" class=\"wpcf7-form-control wpcf7-text\" aria-invalid=\"false\" value=\"\" type=\"text\" name=\"your-CP\" \/><\/span> <\/label>\n<\/p>\n<p class=\"form7-FG\"><br \/>\n<label> Quel est votre projet ?<br \/>\n<span class=\"wpcf7-form-control-wrap\" data-name=\"your-project\"><input size=\"40\" maxlength=\"400\" class=\"wpcf7-form-control wpcf7-text\" aria-invalid=\"false\" value=\"\" type=\"text\" name=\"your-project\" \/><\/span> <\/label>\n<\/p>\n<p class=\"form7full-FG\"><br \/>\n<label> Dipl\u00f4me(s) obtenu(s) : <\/label><br \/>\n<span class=\"wpcf7-form-control-wrap\" data-name=\"diplomes\"><span class=\"wpcf7-form-control wpcf7-checkbox\"><span class=\"wpcf7-list-item first\"><input type=\"checkbox\" name=\"diplomes[]\" value=\"Licence 2 staps (deug)\" \/><span class=\"wpcf7-list-item-label\">Licence 2 staps (deug)<\/span><\/span><span class=\"wpcf7-list-item\"><input type=\"checkbox\" name=\"diplomes[]\" value=\"Licence staps Education et Motricit\u00e9\" \/><span class=\"wpcf7-list-item-label\">Licence staps Education et Motricit\u00e9<\/span><\/span><span class=\"wpcf7-list-item\"><input type=\"checkbox\" name=\"diplomes[]\" value=\"Licence staps Entrainement\" \/><span class=\"wpcf7-list-item-label\">Licence staps Entrainement<\/span><\/span><span class=\"wpcf7-list-item\"><input type=\"checkbox\" name=\"diplomes[]\" value=\"Licence APA\" \/><span class=\"wpcf7-list-item-label\">Licence APA<\/span><\/span><span class=\"wpcf7-list-item\"><input type=\"checkbox\" name=\"diplomes[]\" value=\"CAPEPS\" \/><span class=\"wpcf7-list-item-label\">CAPEPS<\/span><\/span><span class=\"wpcf7-list-item\"><input type=\"checkbox\" name=\"diplomes[]\" value=\"Deust m\u00e9tier de la forme\" \/><span class=\"wpcf7-list-item-label\">Deust m\u00e9tier de la forme<\/span><\/span><span class=\"wpcf7-list-item\"><input type=\"checkbox\" name=\"diplomes[]\" value=\"BPJEPS\" \/><span class=\"wpcf7-list-item-label\">BPJEPS<\/span><\/span><span class=\"wpcf7-list-item\"><input type=\"checkbox\" name=\"diplomes[]\" value=\"DEJEPS\" \/><span class=\"wpcf7-list-item-label\">DEJEPS<\/span><\/span><span class=\"wpcf7-list-item\"><input type=\"checkbox\" name=\"diplomes[]\" value=\"DE de kin\u00e9sith\u00e9rapeute\" \/><span class=\"wpcf7-list-item-label\">DE de kin\u00e9sith\u00e9rapeute<\/span><\/span><span class=\"wpcf7-list-item last\"><input type=\"checkbox\" name=\"diplomes[]\" value=\"Autre...\" \/><span class=\"wpcf7-list-item-label\">Autre...<\/span><\/span><\/span><\/span>\n<\/p>\n<p class=\"form7mes-FG\"><br \/>\n<label> Votre message<br \/>\n<span class=\"wpcf7-form-control-wrap\" data-name=\"your-message\"><textarea cols=\"40\" rows=\"10\" maxlength=\"2000\" class=\"wpcf7-form-control wpcf7-textarea\" aria-invalid=\"false\" name=\"your-message\"><\/textarea><\/span> <\/label>\n<\/p>\n<p>\n\n<\/p>\n<p class=\"form7btn-FG\"><br \/>\n<input class=\"wpcf7-form-control wpcf7-submit has-spinner\" type=\"submit\" value=\"Envoyer\" \/>\n<\/p><p style=\"display: none !important;\" class=\"akismet-fields-container\" data-prefix=\"_wpcf7_ak_\"><label>&#916;<textarea name=\"_wpcf7_ak_hp_textarea\" cols=\"45\" rows=\"8\" maxlength=\"100\"><\/textarea><\/label><input type=\"hidden\" id=\"ak_js_1\" name=\"_wpcf7_ak_js\" value=\"30\"\/><script>document.getElementById( \"ak_js_1\" ).setAttribute( \"value\", ( new Date() ).getTime() );<\/script><\/p><input type='hidden' class='wpcf7-pum' value='{\"closepopup\":false,\"closedelay\":0,\"openpopup\":false,\"openpopup_id\":0}' \/><div class=\"wpcf7-response-output\" aria-hidden=\"true\"><\/div>\n<\/form>\n<\/div>\n[\/et_pb_code][\/et_pb_column][\/et_pb_row][\/et_pb_section][et_pb_section fb_built=\u00a0\u00bb1&Prime; fullwidth=\u00a0\u00bbon\u00a0\u00bb admin_label=\u00a0\u00bbcarroussel macadamtrainer d\u00e9c 2020 plugin OWL\u00a0\u00bb _builder_version=\u00a0\u00bb4.7.4&Prime; global_module=\u00a0\u00bb3321&Prime;][et_pb_dp_oc_fw number_post=\u00a0\u00bb100&Prime; cpt_name=\u00a0\u00bbproject\u00a0\u00bb orderby=\u00a0\u00bbrand\u00a0\u00bb show_post_title=\u00a0\u00bbon\u00a0\u00bb show_post_excerpt=\u00a0\u00bbon\u00a0\u00bb items_per_slide=\u00a0\u00bb3&Prime; show_control=\u00a0\u00bboff\u00a0\u00bb lazy_load=\u00a0\u00bbon\u00a0\u00bb arrow_size=\u00a0\u00bb6em\u00a0\u00bb slide_auto=\u00a0\u00bboff\u00a0\u00bb thumbnail_size=\u00a0\u00bbmedium\u00a0\u00bb number_thumb=\u00a0\u00bb7&Prime; number_thumb_tablet=\u00a0\u00bb5&Prime; number_thumb_phone=\u00a0\u00bb3&Prime; number_thumb_last_edited=\u00a0\u00bbon|phone\u00a0\u00bb item_margin=\u00a0\u00bb0&Prime; _builder_version=\u00a0\u00bb4.7.4&Prime; _module_preset=\u00a0\u00bbdefault\u00a0\u00bb post_title_font=\u00a0\u00bb|700|||||||\u00a0\u00bb post_title_font_size=\u00a0\u00bb0.87vw\u00a0\u00bb post_title_line_height=\u00a0\u00bb1.4em\u00a0\u00bb post_excerpt_text_align=\u00a0\u00bbcenter\u00a0\u00bb post_excerpt_font_size=\u00a0\u00bb0.8vw\u00a0\u00bb post_excerpt_line_height=\u00a0\u00bb1.2em\u00a0\u00bb text_orientation=\u00a0\u00bbcenter\u00a0\u00bb module_alignment=\u00a0\u00bbcenter\u00a0\u00bb custom_margin=\u00a0\u00bb0px|0px|0px|0px|false|false\u00a0\u00bb custom_padding=\u00a0\u00bb0px|0px|0px|0px|false|false\u00a0\u00bb][\/et_pb_dp_oc_fw][\/et_pb_section]\n","protected":false},"excerpt":{"rendered":"\n<div class=\"wpcf7 no-js\" id=\"wpcf7-f973-o2\" lang=\"fr-FR\" dir=\"ltr\" data-wpcf7-id=\"973\">\n<div class=\"screen-reader-response\"><p role=\"status\" aria-live=\"polite\" aria-atomic=\"true\"><\/p> <ul><\/ul><\/div>\n<form action=\"\/mon-kilometre-sante\/wp-json\/wp\/v2\/pages\/575#wpcf7-f973-o2\" method=\"post\" class=\"wpcf7-form init\" aria-label=\"Formulaire de contact\" novalidate=\"novalidate\" data-status=\"init\">\n<fieldset class=\"hidden-fields-container\"><input type=\"hidden\" name=\"_wpcf7\" value=\"973\" \/><input type=\"hidden\" name=\"_wpcf7_version\" value=\"6.1.5\" \/><input type=\"hidden\" name=\"_wpcf7_locale\" value=\"fr_FR\" \/><input type=\"hidden\" name=\"_wpcf7_unit_tag\" value=\"wpcf7-f973-o2\" \/><input type=\"hidden\" name=\"_wpcf7_container_post\" value=\"0\" \/><input type=\"hidden\" name=\"_wpcf7_posted_data_hash\" value=\"\" \/><input type=\"hidden\" name=\"_wpcf7_recaptcha_response\" value=\"\" \/>\n<\/fieldset>\n<p class=\"form7-FG\"><br \/>\n<label> Votre nom (obligatoire)<br \/>\n<span class=\"wpcf7-form-control-wrap\" data-name=\"your-name\"><input size=\"40\" maxlength=\"400\" class=\"wpcf7-form-control wpcf7-text wpcf7-validates-as-required\" aria-required=\"true\" aria-invalid=\"false\" value=\"\" type=\"text\" name=\"your-name\" \/><\/span> <\/label>\n<\/p>\n<p class=\"form7-FG\"><br \/>\n<label> Votre pr\u00e9nom (si vous le souhaitez)<br \/>\n<span class=\"wpcf7-form-control-wrap\" data-name=\"your-prename\"><input size=\"40\" maxlength=\"400\" class=\"wpcf7-form-control wpcf7-text\" aria-invalid=\"false\" value=\"\" type=\"text\" name=\"your-prename\" \/><\/span> <\/label>\n<\/p>\n<p class=\"form7-FG\"><br \/>\n<label> Votre e-mail (obligatoire)<br \/>\n<span class=\"wpcf7-form-control-wrap\" data-name=\"your-email\"><input size=\"40\" maxlength=\"400\" class=\"wpcf7-form-control wpcf7-email wpcf7-validates-as-required wpcf7-text wpcf7-validates-as-email\" aria-required=\"true\" aria-invalid=\"false\" value=\"\" type=\"email\" name=\"your-email\" \/><\/span> <\/label>\n<\/p>\n<p class=\"form7-FG\"><br \/>\n<label> Votre t\u00e9l\u00e9phone (facultatif)<br \/>\n<span class=\"wpcf7-form-control-wrap\" data-name=\"tel-224\"><input size=\"40\" maxlength=\"400\" class=\"wpcf7-form-control wpcf7-tel wpcf7-text wpcf7-validates-as-tel\" aria-invalid=\"false\" placeholder=\"XX XX XX XX XX\" value=\"\" type=\"tel\" name=\"tel-224\" \/><\/span> <\/label>\n<\/p>\n<p class=\"form7-FG\"><br \/>\n<label> Code postal de r\u00e9sidence<br \/>\n<span class=\"wpcf7-form-control-wrap\" data-name=\"your-CP\"><input size=\"40\" maxlength=\"400\" class=\"wpcf7-form-control wpcf7-text\" aria-invalid=\"false\" value=\"\" type=\"text\" name=\"your-CP\" \/><\/span> <\/label>\n<\/p>\n<p class=\"form7-FG\"><br \/>\n<label> Quel est votre projet ?<br \/>\n<span class=\"wpcf7-form-control-wrap\" data-name=\"your-project\"><input size=\"40\" maxlength=\"400\" class=\"wpcf7-form-control wpcf7-text\" aria-invalid=\"false\" value=\"\" type=\"text\" name=\"your-project\" \/><\/span> <\/label>\n<\/p>\n<p class=\"form7full-FG\"><br \/>\n<label> Dipl\u00f4me(s) obtenu(s) : <\/label><br \/>\n<span class=\"wpcf7-form-control-wrap\" data-name=\"diplomes\"><span class=\"wpcf7-form-control wpcf7-checkbox\"><span class=\"wpcf7-list-item first\"><input type=\"checkbox\" name=\"diplomes[]\" value=\"Licence 2 staps (deug)\" \/><span class=\"wpcf7-list-item-label\">Licence 2 staps (deug)<\/span><\/span><span class=\"wpcf7-list-item\"><input type=\"checkbox\" name=\"diplomes[]\" value=\"Licence staps Education et Motricit\u00e9\" \/><span class=\"wpcf7-list-item-label\">Licence staps Education et Motricit\u00e9<\/span><\/span><span class=\"wpcf7-list-item\"><input type=\"checkbox\" name=\"diplomes[]\" value=\"Licence staps Entrainement\" \/><span class=\"wpcf7-list-item-label\">Licence staps Entrainement<\/span><\/span><span class=\"wpcf7-list-item\"><input type=\"checkbox\" name=\"diplomes[]\" value=\"Licence APA\" \/><span class=\"wpcf7-list-item-label\">Licence APA<\/span><\/span><span class=\"wpcf7-list-item\"><input type=\"checkbox\" name=\"diplomes[]\" value=\"CAPEPS\" \/><span class=\"wpcf7-list-item-label\">CAPEPS<\/span><\/span><span class=\"wpcf7-list-item\"><input type=\"checkbox\" name=\"diplomes[]\" value=\"Deust m\u00e9tier de la forme\" \/><span class=\"wpcf7-list-item-label\">Deust m\u00e9tier de la forme<\/span><\/span><span class=\"wpcf7-list-item\"><input type=\"checkbox\" name=\"diplomes[]\" value=\"BPJEPS\" \/><span class=\"wpcf7-list-item-label\">BPJEPS<\/span><\/span><span class=\"wpcf7-list-item\"><input type=\"checkbox\" name=\"diplomes[]\" value=\"DEJEPS\" \/><span class=\"wpcf7-list-item-label\">DEJEPS<\/span><\/span><span class=\"wpcf7-list-item\"><input type=\"checkbox\" name=\"diplomes[]\" value=\"DE de kin\u00e9sith\u00e9rapeute\" \/><span class=\"wpcf7-list-item-label\">DE de kin\u00e9sith\u00e9rapeute<\/span><\/span><span class=\"wpcf7-list-item last\"><input type=\"checkbox\" name=\"diplomes[]\" value=\"Autre...\" \/><span class=\"wpcf7-list-item-label\">Autre...<\/span><\/span><\/span><\/span>\n<\/p>\n<p class=\"form7mes-FG\"><br \/>\n<label> Votre message<br \/>\n<span class=\"wpcf7-form-control-wrap\" data-name=\"your-message\"><textarea cols=\"40\" rows=\"10\" maxlength=\"2000\" class=\"wpcf7-form-control wpcf7-textarea\" aria-invalid=\"false\" name=\"your-message\"><\/textarea><\/span> <\/label>\n<\/p>\n<p>\n\n<\/p>\n<p class=\"form7btn-FG\"><br \/>\n<input class=\"wpcf7-form-control wpcf7-submit has-spinner\" type=\"submit\" value=\"Envoyer\" \/>\n<\/p><p style=\"display: none !important;\" class=\"akismet-fields-container\" data-prefix=\"_wpcf7_ak_\"><label>&#916;<textarea name=\"_wpcf7_ak_hp_textarea\" cols=\"45\" rows=\"8\" maxlength=\"100\"><\/textarea><\/label><input type=\"hidden\" id=\"ak_js_2\" name=\"_wpcf7_ak_js\" value=\"110\"\/><script>document.getElementById( \"ak_js_2\" ).setAttribute( \"value\", ( new Date() ).getTime() );<\/script><\/p><input type='hidden' class='wpcf7-pum' value='{\"closepopup\":false,\"closedelay\":0,\"openpopup\":false,\"openpopup_id\":0}' \/><div class=\"wpcf7-response-output\" aria-hidden=\"true\"><\/div>\n<\/form>\n<\/div>\n\n","protected":false},"author":1,"featured_media":0,"parent":0,"menu_order":0,"comment_status":"closed","ping_status":"closed","template":"","meta":{"_et_pb_use_builder":"on","_et_pb_old_content":"","_et_gb_content_width":"","footnotes":""},"class_list":["post-575","page","type-page","status-publish","hentry"],"yoast_head":"<!-- This site is optimized with the Yoast SEO plugin v27.4 - https:\/\/yoast.com\/product\/yoast-seo-wordpress\/ -->\n<title>Devenir coach macadamtrainer, s&#039;inscrire \u00e0 nos formations... - Macadamtraining - Mon kilom\u00e8tre sant\u00e9<\/title>\n<meta name=\"robots\" content=\"index, follow, max-snippet:-1, max-image-preview:large, max-video-preview:-1\" \/>\n<link rel=\"canonical\" href=\"https:\/\/macadamtraining.fr\/mon-kilometre-sante\/devenir-macadamtrainer-sinscrire-a-nos-formations\/\" \/>\n<meta property=\"og:locale\" content=\"fr_FR\" \/>\n<meta property=\"og:type\" content=\"article\" \/>\n<meta property=\"og:title\" content=\"Devenir coach macadamtrainer, s&#039;inscrire \u00e0 nos formations... - Macadamtraining - Mon kilom\u00e8tre sant\u00e9\" \/>\n<meta property=\"og:url\" content=\"https:\/\/macadamtraining.fr\/mon-kilometre-sante\/devenir-macadamtrainer-sinscrire-a-nos-formations\/\" \/>\n<meta property=\"og:site_name\" content=\"Macadamtraining - Mon kilom\u00e8tre sant\u00e9\" \/>\n<meta property=\"article:publisher\" content=\"https:\/\/www.facebook.com\/macadamtraining\/\" \/>\n<meta property=\"article:modified_time\" content=\"2021-01-04T07:59:28+00:00\" \/>\n<meta name=\"twitter:card\" content=\"summary_large_image\" \/>\n<meta name=\"twitter:description\" content=\"[contact-form-7 id=&quot;973&quot; title=&quot;Formulaire formations&quot;]\" \/>\n<meta name=\"twitter:label1\" content=\"Dur\u00e9e de lecture estim\u00e9e\" \/>\n\t<meta name=\"twitter:data1\" content=\"2 minutes\" \/>\n<script type=\"application\/ld+json\" class=\"yoast-schema-graph\">{\"@context\":\"https:\\\/\\\/schema.org\",\"@graph\":[{\"@type\":\"WebPage\",\"@id\":\"https:\\\/\\\/macadamtraining.fr\\\/mon-kilometre-sante\\\/devenir-macadamtrainer-sinscrire-a-nos-formations\\\/\",\"url\":\"https:\\\/\\\/macadamtraining.fr\\\/mon-kilometre-sante\\\/devenir-macadamtrainer-sinscrire-a-nos-formations\\\/\",\"name\":\"Devenir coach macadamtrainer, s'inscrire \u00e0 nos formations... - Macadamtraining - Mon kilom\u00e8tre sant\u00e9\",\"isPartOf\":{\"@id\":\"https:\\\/\\\/macadamtraining.fr\\\/mon-kilometre-sante\\\/#website\"},\"datePublished\":\"2017-11-16T16:35:38+00:00\",\"dateModified\":\"2021-01-04T07:59:28+00:00\",\"breadcrumb\":{\"@id\":\"https:\\\/\\\/macadamtraining.fr\\\/mon-kilometre-sante\\\/devenir-macadamtrainer-sinscrire-a-nos-formations\\\/#breadcrumb\"},\"inLanguage\":\"fr-FR\",\"potentialAction\":[{\"@type\":\"ReadAction\",\"target\":[\"https:\\\/\\\/macadamtraining.fr\\\/mon-kilometre-sante\\\/devenir-macadamtrainer-sinscrire-a-nos-formations\\\/\"]}]},{\"@type\":\"BreadcrumbList\",\"@id\":\"https:\\\/\\\/macadamtraining.fr\\\/mon-kilometre-sante\\\/devenir-macadamtrainer-sinscrire-a-nos-formations\\\/#breadcrumb\",\"itemListElement\":[{\"@type\":\"ListItem\",\"position\":1,\"name\":\"Accueil\",\"item\":\"https:\\\/\\\/macadamtraining.fr\\\/mon-kilometre-sante\\\/\"},{\"@type\":\"ListItem\",\"position\":2,\"name\":\"Devenir coach macadamtrainer, s&rsquo;inscrire \u00e0 nos formations&#8230;\"}]},{\"@type\":\"WebSite\",\"@id\":\"https:\\\/\\\/macadamtraining.fr\\\/mon-kilometre-sante\\\/#website\",\"url\":\"https:\\\/\\\/macadamtraining.fr\\\/mon-kilometre-sante\\\/\",\"name\":\"Macadamtraining - Mon kilom\u00e8tre sant\u00e9\",\"description\":\"Avec nos macadamtrainer - D\u00e9couvrez le sport en mileu urbain autrement !\",\"potentialAction\":[{\"@type\":\"SearchAction\",\"target\":{\"@type\":\"EntryPoint\",\"urlTemplate\":\"https:\\\/\\\/macadamtraining.fr\\\/mon-kilometre-sante\\\/?s={search_term_string}\"},\"query-input\":{\"@type\":\"PropertyValueSpecification\",\"valueRequired\":true,\"valueName\":\"search_term_string\"}}],\"inLanguage\":\"fr-FR\"}]}<\/script>\n<!-- \/ Yoast SEO plugin. -->","yoast_head_json":{"title":"Devenir coach macadamtrainer, s'inscrire \u00e0 nos formations... - Macadamtraining - Mon kilom\u00e8tre sant\u00e9","robots":{"index":"index","follow":"follow","max-snippet":"max-snippet:-1","max-image-preview":"max-image-preview:large","max-video-preview":"max-video-preview:-1"},"canonical":"https:\/\/macadamtraining.fr\/mon-kilometre-sante\/devenir-macadamtrainer-sinscrire-a-nos-formations\/","og_locale":"fr_FR","og_type":"article","og_title":"Devenir coach macadamtrainer, s'inscrire \u00e0 nos formations... - Macadamtraining - Mon kilom\u00e8tre sant\u00e9","og_url":"https:\/\/macadamtraining.fr\/mon-kilometre-sante\/devenir-macadamtrainer-sinscrire-a-nos-formations\/","og_site_name":"Macadamtraining - Mon kilom\u00e8tre sant\u00e9","article_publisher":"https:\/\/www.facebook.com\/macadamtraining\/","article_modified_time":"2021-01-04T07:59:28+00:00","twitter_card":"summary_large_image","twitter_description":"[contact-form-7 id=\"973\" title=\"Formulaire formations\"]","twitter_misc":{"Dur\u00e9e de lecture estim\u00e9e":"2 minutes"},"schema":{"@context":"https:\/\/schema.org","@graph":[{"@type":"WebPage","@id":"https:\/\/macadamtraining.fr\/mon-kilometre-sante\/devenir-macadamtrainer-sinscrire-a-nos-formations\/","url":"https:\/\/macadamtraining.fr\/mon-kilometre-sante\/devenir-macadamtrainer-sinscrire-a-nos-formations\/","name":"Devenir coach macadamtrainer, s'inscrire \u00e0 nos formations... - Macadamtraining - Mon kilom\u00e8tre sant\u00e9","isPartOf":{"@id":"https:\/\/macadamtraining.fr\/mon-kilometre-sante\/#website"},"datePublished":"2017-11-16T16:35:38+00:00","dateModified":"2021-01-04T07:59:28+00:00","breadcrumb":{"@id":"https:\/\/macadamtraining.fr\/mon-kilometre-sante\/devenir-macadamtrainer-sinscrire-a-nos-formations\/#breadcrumb"},"inLanguage":"fr-FR","potentialAction":[{"@type":"ReadAction","target":["https:\/\/macadamtraining.fr\/mon-kilometre-sante\/devenir-macadamtrainer-sinscrire-a-nos-formations\/"]}]},{"@type":"BreadcrumbList","@id":"https:\/\/macadamtraining.fr\/mon-kilometre-sante\/devenir-macadamtrainer-sinscrire-a-nos-formations\/#breadcrumb","itemListElement":[{"@type":"ListItem","position":1,"name":"Accueil","item":"https:\/\/macadamtraining.fr\/mon-kilometre-sante\/"},{"@type":"ListItem","position":2,"name":"Devenir coach macadamtrainer, s&rsquo;inscrire \u00e0 nos formations&#8230;"}]},{"@type":"WebSite","@id":"https:\/\/macadamtraining.fr\/mon-kilometre-sante\/#website","url":"https:\/\/macadamtraining.fr\/mon-kilometre-sante\/","name":"Macadamtraining - Mon kilom\u00e8tre sant\u00e9","description":"Avec nos macadamtrainer - D\u00e9couvrez le sport en mileu urbain autrement !","potentialAction":[{"@type":"SearchAction","target":{"@type":"EntryPoint","urlTemplate":"https:\/\/macadamtraining.fr\/mon-kilometre-sante\/?s={search_term_string}"},"query-input":{"@type":"PropertyValueSpecification","valueRequired":true,"valueName":"search_term_string"}}],"inLanguage":"fr-FR"}]}},"_links":{"self":[{"href":"https:\/\/macadamtraining.fr\/mon-kilometre-sante\/wp-json\/wp\/v2\/pages\/575","targetHints":{"allow":["GET"]}}],"collection":[{"href":"https:\/\/macadamtraining.fr\/mon-kilometre-sante\/wp-json\/wp\/v2\/pages"}],"about":[{"href":"https:\/\/macadamtraining.fr\/mon-kilometre-sante\/wp-json\/wp\/v2\/types\/page"}],"author":[{"embeddable":true,"href":"https:\/\/macadamtraining.fr\/mon-kilometre-sante\/wp-json\/wp\/v2\/users\/1"}],"replies":[{"embeddable":true,"href":"https:\/\/macadamtraining.fr\/mon-kilometre-sante\/wp-json\/wp\/v2\/comments?post=575"}],"version-history":[{"count":1,"href":"https:\/\/macadamtraining.fr\/mon-kilometre-sante\/wp-json\/wp\/v2\/pages\/575\/revisions"}],"predecessor-version":[{"id":3428,"href":"https:\/\/macadamtraining.fr\/mon-kilometre-sante\/wp-json\/wp\/v2\/pages\/575\/revisions\/3428"}],"wp:attachment":[{"href":"https:\/\/macadamtraining.fr\/mon-kilometre-sante\/wp-json\/wp\/v2\/media?parent=575"}],"curies":[{"name":"wp","href":"https:\/\/api.w.org\/{rel}","templated":true}]}}