{"id":570,"date":"2017-11-16T17:31:50","date_gmt":"2017-11-16T16:31:50","guid":{"rendered":"http:\/\/macadamtraining.fr\/mon-kilometre-sante\/?page_id=570"},"modified":"2025-01-22T08:19:18","modified_gmt":"2025-01-22T07:19:18","slug":"sommes-helene-bosse-macadamtrainers","status":"publish","type":"page","link":"https:\/\/macadamtraining.fr\/mon-kilometre-sante\/sommes-helene-bosse-macadamtrainers\/","title":{"rendered":"Qui sommes nous ?"},"content":{"rendered":"[et_pb_section fb_built=\u00a0\u00bb1&Prime; module_class=\u00a0\u00bblogo-hdp\u00a0\u00bb _builder_version=\u00a0\u00bb3.22&Prime; background_image=\u00a0\u00bbhttps:\/\/macadamtraining.fr\/mon-kilometre-sante\/wp-content\/uploads\/2017\/12\/parcours_macadam.jpg\u00a0\u00bb background_size=\u00a0\u00bbcontain\u00a0\u00bb background_position=\u00a0\u00bbtop_center\u00a0\u00bb custom_css_main_element=\u00a0\u00bbpadding-top: 30px !important;\u00a0\u00bb][et_pb_row column_structure=\u00a0\u00bb1_4,1_2,1_4&Prime; _builder_version=\u00a0\u00bb3.25&Prime;][et_pb_column type=\u00a0\u00bb1_4&Prime; _builder_version=\u00a0\u00bb3.25&Prime; custom_padding=\u00a0\u00bb|||\u00a0\u00bb custom_padding__hover=\u00a0\u00bb|||\u00a0\u00bb][\/et_pb_column][et_pb_column type=\u00a0\u00bb1_2&Prime; _builder_version=\u00a0\u00bb3.25&Prime; custom_padding=\u00a0\u00bb|||\u00a0\u00bb custom_padding__hover=\u00a0\u00bb|||\u00a0\u00bb][et_pb_image src=\u00a0\u00bbhttps:\/\/macadamtraining.fr\/mon-kilometre-sante\/wp-content\/uploads\/2017\/11\/logo-ok-noiretbleu-400px.png\u00a0\u00bb url=\u00a0\u00bbhttps:\/\/macadamtraining.fr\/mon-kilometre-sante\/\u00a0\u00bb align=\u00a0\u00bbcenter\u00a0\u00bb align_tablet=\u00a0\u00bbcenter\u00a0\u00bb align_phone=\u00a0\u00bb\u00a0\u00bb align_last_edited=\u00a0\u00bbon|desktop\u00a0\u00bb _builder_version=\u00a0\u00bb4.9.10&Prime; hover_enabled=\u00a0\u00bb0&Prime; always_center_on_mobile=\u00a0\u00bbon\u00a0\u00bb sticky_enabled=\u00a0\u00bb0&Prime;][\/et_pb_image][\/et_pb_column][et_pb_column type=\u00a0\u00bb1_4&Prime; _builder_version=\u00a0\u00bb3.25&Prime; custom_padding=\u00a0\u00bb|||\u00a0\u00bb custom_padding__hover=\u00a0\u00bb|||\u00a0\u00bb][\/et_pb_column][\/et_pb_row][\/et_pb_section][et_pb_section fb_built=\u00a0\u00bb1&Prime; module_class=\u00a0\u00bblogo-hdp\u00a0\u00bb _builder_version=\u00a0\u00bb3.22&Prime; custom_css_main_element=\u00a0\u00bbpadding-top: 30px !important;\u00a0\u00bb][et_pb_row column_structure=\u00a0\u00bb2_3,1_3&Prime; use_custom_gutter=\u00a0\u00bbon\u00a0\u00bb gutter_width=\u00a0\u00bb3&Prime; _builder_version=\u00a0\u00bb3.25&Prime;][et_pb_column type=\u00a0\u00bb2_3&Prime; _builder_version=\u00a0\u00bb3.25&Prime; custom_padding=\u00a0\u00bb|||\u00a0\u00bb custom_padding__hover=\u00a0\u00bb|||\u00a0\u00bb][et_pb_post_title meta=\u00a0\u00bboff\u00a0\u00bb featured_image=\u00a0\u00bboff\u00a0\u00bb _builder_version=\u00a0\u00bb3.0.90&Prime; border_style=\u00a0\u00bbsolid\u00a0\u00bb][\/et_pb_post_title][et_pb_text _builder_version=\u00a0\u00bb3.27.4&Prime;]\n<h3>H\u00e9l\u00e8ne Boss\u00e9<\/h3>\n<h5>Cr\u00e9atrice de la marque et du concept Macadamtraining<sup>\u00ae<\/sup><\/h5>\n<p>Enseignante d\u2019\u00e9ducation physique et sportive au STAPS de l\u2019universit\u00e9 Paris Est Cr\u00e9teil, j\u2019ai consacr\u00e9 une partie de ma vie \u00e0 l\u2019athl\u00e9tisme en tant qu\u2019athl\u00e8te et entra\u00eeneur de haut niveau en Heptathlon.<\/p>\n<p>Mon d\u00e9fi est de r\u00e9investir cette exp\u00e9rience pour une activit\u00e9 physique d&rsquo;entretien destin\u00e9e \u00e0 tous. Consciente que la pr\u00e9paration physique a longtemps \u00e9t\u00e9\u00a0r\u00e9serv\u00e9e aux champions, j\u2019ai cr\u00e9\u00e9 Macadamtraining<sup>\u00ae<\/sup>, un concept innovant de sport sant\u00e9 pour tous, facile \u00e0 mettre en \u0153uvre et dans des lieux accessibles \u00e0 tous. Pour ce faire j\u2019ai travaill\u00e9 avec <strong>Florence Garat,<\/strong> enseignante EPS pour d\u00e9velopper cette nouvelle forme de pratique physique urbaine.<br \/>\nLa ville devient alors un immense terrain de jeux o\u00f9 les escaliers, les balustrades, les bancs publics sont d\u00e9tourn\u00e9s de leur fonction usuelle pour former <strong>des athl\u00e8tes de la vie\u00a0!<\/strong><br \/>\nLoin des exigences ultras comp\u00e9titives du haut niveau, je dispense aujourd\u2019hui une formation \u00e0 l&rsquo;Universit\u00e9 intitul\u00e9e\u00a0<a href=\"https:\/\/macadamtraining.fr\/mon-kilometre-sante\/formations\/#my-tabs|1\">\u00ab\u00a0Parcours sant\u00e9 urbain\u00a0\u00bb<\/a>\u00a0dans le cadre de la licence professionnelle Sant\u00e9, Vieillissement, Activit\u00e9s Physiques Adapt\u00e9es.<\/p>\n<p>Je d\u00e9livre \u00e9galement des formations dans un cadre priv\u00e9.<\/p>\n<h6><span style=\"color: #90c030;\"><strong>Macadamtraining<sup>\u00ae<\/sup> c\u2019est donc aujourd\u2019hui une communaut\u00e9 de coachs ind\u00e9pendants, dipl\u00f4m\u00e9s et certifi\u00e9s Macadamtraining<sup>\u00ae<\/sup> appel\u00e9s les Macadamtrainers.<\/strong><\/span><\/h6>\n<p>Leur statut juridique leur permet de travailler \u00e0 leur propre compte ou pour une association, pour vous accompagner sur\u00a0leur propre \u00ab\u00a0kilom\u00e8tre sant\u00e9\u00a0\u00bb\u00a0!<br \/>\n<em><strong>N\u2019h\u00e9sitez pas \u00e0 les rejoindre en prenant directement contact avec eux.<\/strong><\/em><br \/>\n[\/et_pb_text][\/et_pb_column][et_pb_column type=\u00a0\u00bb1_3&Prime; _builder_version=\u00a0\u00bb3.25&Prime; custom_padding=\u00a0\u00bb|||\u00a0\u00bb custom_padding__hover=\u00a0\u00bb|||\u00a0\u00bb][et_pb_image src=\u00a0\u00bbhttps:\/\/macadamtraining.fr\/mon-kilometre-sante\/wp-content\/uploads\/2024\/09\/hbosse.jpg\u00a0\u00bb align=\u00a0\u00bbcenter\u00a0\u00bb align_tablet=\u00a0\u00bbcenter\u00a0\u00bb align_phone=\u00a0\u00bb\u00a0\u00bb align_last_edited=\u00a0\u00bbon|desktop\u00a0\u00bb _builder_version=\u00a0\u00bb4.9.10&Prime; max_width=\u00a0\u00bb80%\u00a0\u00bb module_alignment=\u00a0\u00bbleft\u00a0\u00bb hover_enabled=\u00a0\u00bb0&Prime; alt=\u00a0\u00bbH\u00e9l\u00e8ne Boss\u00e9\u00a0\u00bb title_text=\u00a0\u00bbH\u00e9l\u00e8ne Boss\u00e9\u00a0\u00bb sticky_enabled=\u00a0\u00bb0&Prime;][\/et_pb_image][et_pb_text _builder_version=\u00a0\u00bb4.9.10&Prime;]\n<h5 class=\"font_5\">H\u00e9l\u00e8ne Boss\u00e9<\/h5>\n<ul>\n<li class=\"font_8\">Enseignante Agr\u00e9g\u00e9e d&rsquo;EPS en STAPS\u00a0\u00e0 l&rsquo;Universit\u00e9\u00a0Paris Est Cr\u00e9teil<\/li>\n<li class=\"font_8\">Entra\u00eeneur d&rsquo;athl\u00e9tisme BEE2<\/li>\n<li class=\"font_8\">12 s\u00e9lections en \u00e9quipe de France d&rsquo;athl\u00e9tisme d&rsquo;Heptathlon<\/li>\n<\/ul>\n<p align=\"JUSTIFY\">T\u00e9l\u00a0: 06 62 77 80 56<br \/><a href=\"mailto:info@macadamtraining.com\">info@macadamtraining.com<\/a><\/p>\n<p>&nbsp;<\/p>\n[\/et_pb_text][\/et_pb_column][\/et_pb_row][\/et_pb_section][et_pb_section fb_built=\u00a0\u00bb1&Prime; fullwidth=\u00a0\u00bbon\u00a0\u00bb admin_label=\u00a0\u00bbcarroussel macadamtrainer d\u00e9c 2020 plugin OWL\u00a0\u00bb _builder_version=\u00a0\u00bb4.9.10&Prime; global_module=\u00a0\u00bb3321&Prime; collapsed=\u00a0\u00bboff\u00a0\u00bb][et_pb_dp_oc_fw number_post=\u00a0\u00bb100&Prime; cpt_name=\u00a0\u00bbproject\u00a0\u00bb orderby=\u00a0\u00bbrand\u00a0\u00bb show_post_title=\u00a0\u00bbon\u00a0\u00bb show_post_excerpt=\u00a0\u00bbon\u00a0\u00bb items_per_slide=\u00a0\u00bb3&Prime; show_control=\u00a0\u00bboff\u00a0\u00bb lazy_load=\u00a0\u00bbon\u00a0\u00bb arrow_size=\u00a0\u00bb6em\u00a0\u00bb slide_auto=\u00a0\u00bboff\u00a0\u00bb thumbnail_size=\u00a0\u00bbmedium\u00a0\u00bb number_thumb=\u00a0\u00bb7&Prime; number_thumb_tablet=\u00a0\u00bb5&Prime; number_thumb_phone=\u00a0\u00bb3&Prime; number_thumb_last_edited=\u00a0\u00bbon|phone\u00a0\u00bb item_margin=\u00a0\u00bb0&Prime; _builder_version=\u00a0\u00bb4.7.7&Prime; _module_preset=\u00a0\u00bbdefault\u00a0\u00bb post_title_font=\u00a0\u00bb|700|||||||\u00a0\u00bb post_title_font_size=\u00a0\u00bb0.87vw\u00a0\u00bb post_title_line_height=\u00a0\u00bb1.4em\u00a0\u00bb post_excerpt_text_align=\u00a0\u00bbcenter\u00a0\u00bb post_excerpt_font_size=\u00a0\u00bb0.8vw\u00a0\u00bb post_excerpt_line_height=\u00a0\u00bb1.2em\u00a0\u00bb text_orientation=\u00a0\u00bbcenter\u00a0\u00bb module_alignment=\u00a0\u00bbcenter\u00a0\u00bb custom_margin=\u00a0\u00bb0px|0px|0px|0px|false|false\u00a0\u00bb custom_padding=\u00a0\u00bb0px|0px|0px|0px|false|false\u00a0\u00bb][\/et_pb_dp_oc_fw][\/et_pb_section]\n","protected":false},"excerpt":{"rendered":"<p>H\u00e9l\u00e8ne Boss\u00e9 Cr\u00e9atrice de la marque et du concept Macadamtraining\u00ae Enseignante d\u2019\u00e9ducation physique et sportive au STAPS de l\u2019universit\u00e9 Paris Est Cr\u00e9teil, j\u2019ai consacr\u00e9 une partie de ma vie \u00e0 l\u2019athl\u00e9tisme en tant qu\u2019athl\u00e8te et entra\u00eeneur de haut niveau en Heptathlon. Mon d\u00e9fi est de r\u00e9investir cette exp\u00e9rience pour une activit\u00e9 physique d&rsquo;entretien destin\u00e9e \u00e0 [&hellip;]<\/p>\n","protected":false},"author":1,"featured_media":0,"parent":0,"menu_order":0,"comment_status":"closed","ping_status":"closed","template":"","meta":{"_et_pb_use_builder":"on","_et_pb_old_content":"","_et_gb_content_width":"","footnotes":""},"class_list":["post-570","page","type-page","status-publish","hentry"],"yoast_head":"<!-- This site is optimized with the Yoast SEO plugin v27.5 - https:\/\/yoast.com\/product\/yoast-seo-wordpress\/ -->\n<title>Qui sommes nous ? - Macadamtraining - Mon kilom\u00e8tre sant\u00e9<\/title>\n<meta name=\"robots\" content=\"index, follow, max-snippet:-1, max-image-preview:large, max-video-preview:-1\" \/>\n<link rel=\"canonical\" href=\"https:\/\/macadamtraining.fr\/mon-kilometre-sante\/sommes-helene-bosse-macadamtrainers\/\" \/>\n<meta property=\"og:locale\" content=\"fr_FR\" \/>\n<meta property=\"og:type\" content=\"article\" \/>\n<meta property=\"og:title\" content=\"Qui sommes nous ? - Macadamtraining - Mon kilom\u00e8tre sant\u00e9\" \/>\n<meta property=\"og:description\" content=\"H\u00e9l\u00e8ne Boss\u00e9 Cr\u00e9atrice de la marque et du concept Macadamtraining\u00ae Enseignante d\u2019\u00e9ducation physique et sportive au STAPS de l\u2019universit\u00e9 Paris Est Cr\u00e9teil, j\u2019ai consacr\u00e9 une partie de ma vie \u00e0 l\u2019athl\u00e9tisme en tant qu\u2019athl\u00e8te et entra\u00eeneur de haut niveau en Heptathlon. Mon d\u00e9fi est de r\u00e9investir cette exp\u00e9rience pour une activit\u00e9 physique d&#039;entretien destin\u00e9e \u00e0 [&hellip;]\" \/>\n<meta property=\"og:url\" content=\"https:\/\/macadamtraining.fr\/mon-kilometre-sante\/sommes-helene-bosse-macadamtrainers\/\" \/>\n<meta property=\"og:site_name\" content=\"Macadamtraining - Mon kilom\u00e8tre sant\u00e9\" \/>\n<meta property=\"article:publisher\" content=\"https:\/\/www.facebook.com\/macadamtraining\/\" \/>\n<meta property=\"article:modified_time\" content=\"2025-01-22T07:19:18+00:00\" \/>\n<meta name=\"twitter:card\" content=\"summary_large_image\" \/>\n<meta name=\"twitter:label1\" content=\"Dur\u00e9e de lecture estim\u00e9e\" \/>\n\t<meta name=\"twitter:data1\" content=\"2 minutes\" \/>\n<script type=\"application\/ld+json\" class=\"yoast-schema-graph\">{\"@context\":\"https:\\\/\\\/schema.org\",\"@graph\":[{\"@type\":\"WebPage\",\"@id\":\"https:\\\/\\\/macadamtraining.fr\\\/mon-kilometre-sante\\\/sommes-helene-bosse-macadamtrainers\\\/\",\"url\":\"https:\\\/\\\/macadamtraining.fr\\\/mon-kilometre-sante\\\/sommes-helene-bosse-macadamtrainers\\\/\",\"name\":\"Qui sommes nous ? - Macadamtraining - Mon kilom\u00e8tre sant\u00e9\",\"isPartOf\":{\"@id\":\"https:\\\/\\\/macadamtraining.fr\\\/mon-kilometre-sante\\\/#website\"},\"datePublished\":\"2017-11-16T16:31:50+00:00\",\"dateModified\":\"2025-01-22T07:19:18+00:00\",\"breadcrumb\":{\"@id\":\"https:\\\/\\\/macadamtraining.fr\\\/mon-kilometre-sante\\\/sommes-helene-bosse-macadamtrainers\\\/#breadcrumb\"},\"inLanguage\":\"fr-FR\",\"potentialAction\":[{\"@type\":\"ReadAction\",\"target\":[\"https:\\\/\\\/macadamtraining.fr\\\/mon-kilometre-sante\\\/sommes-helene-bosse-macadamtrainers\\\/\"]}]},{\"@type\":\"BreadcrumbList\",\"@id\":\"https:\\\/\\\/macadamtraining.fr\\\/mon-kilometre-sante\\\/sommes-helene-bosse-macadamtrainers\\\/#breadcrumb\",\"itemListElement\":[{\"@type\":\"ListItem\",\"position\":1,\"name\":\"Accueil\",\"item\":\"https:\\\/\\\/macadamtraining.fr\\\/mon-kilometre-sante\\\/\"},{\"@type\":\"ListItem\",\"position\":2,\"name\":\"Qui sommes nous ?\"}]},{\"@type\":\"WebSite\",\"@id\":\"https:\\\/\\\/macadamtraining.fr\\\/mon-kilometre-sante\\\/#website\",\"url\":\"https:\\\/\\\/macadamtraining.fr\\\/mon-kilometre-sante\\\/\",\"name\":\"Macadamtraining - Mon kilom\u00e8tre sant\u00e9\",\"description\":\"Avec nos macadamtrainer - D\u00e9couvrez le sport en mileu urbain autrement !\",\"potentialAction\":[{\"@type\":\"SearchAction\",\"target\":{\"@type\":\"EntryPoint\",\"urlTemplate\":\"https:\\\/\\\/macadamtraining.fr\\\/mon-kilometre-sante\\\/?s={search_term_string}\"},\"query-input\":{\"@type\":\"PropertyValueSpecification\",\"valueRequired\":true,\"valueName\":\"search_term_string\"}}],\"inLanguage\":\"fr-FR\"}]}<\/script>\n<!-- \/ Yoast SEO plugin. -->","yoast_head_json":{"title":"Qui sommes nous ? - Macadamtraining - Mon kilom\u00e8tre sant\u00e9","robots":{"index":"index","follow":"follow","max-snippet":"max-snippet:-1","max-image-preview":"max-image-preview:large","max-video-preview":"max-video-preview:-1"},"canonical":"https:\/\/macadamtraining.fr\/mon-kilometre-sante\/sommes-helene-bosse-macadamtrainers\/","og_locale":"fr_FR","og_type":"article","og_title":"Qui sommes nous ? - Macadamtraining - Mon kilom\u00e8tre sant\u00e9","og_description":"H\u00e9l\u00e8ne Boss\u00e9 Cr\u00e9atrice de la marque et du concept Macadamtraining\u00ae Enseignante d\u2019\u00e9ducation physique et sportive au STAPS de l\u2019universit\u00e9 Paris Est Cr\u00e9teil, j\u2019ai consacr\u00e9 une partie de ma vie \u00e0 l\u2019athl\u00e9tisme en tant qu\u2019athl\u00e8te et entra\u00eeneur de haut niveau en Heptathlon. Mon d\u00e9fi est de r\u00e9investir cette exp\u00e9rience pour une activit\u00e9 physique d'entretien destin\u00e9e \u00e0 [&hellip;]","og_url":"https:\/\/macadamtraining.fr\/mon-kilometre-sante\/sommes-helene-bosse-macadamtrainers\/","og_site_name":"Macadamtraining - Mon kilom\u00e8tre sant\u00e9","article_publisher":"https:\/\/www.facebook.com\/macadamtraining\/","article_modified_time":"2025-01-22T07:19:18+00:00","twitter_card":"summary_large_image","twitter_misc":{"Dur\u00e9e de lecture estim\u00e9e":"2 minutes"},"schema":{"@context":"https:\/\/schema.org","@graph":[{"@type":"WebPage","@id":"https:\/\/macadamtraining.fr\/mon-kilometre-sante\/sommes-helene-bosse-macadamtrainers\/","url":"https:\/\/macadamtraining.fr\/mon-kilometre-sante\/sommes-helene-bosse-macadamtrainers\/","name":"Qui sommes nous ? - Macadamtraining - Mon kilom\u00e8tre sant\u00e9","isPartOf":{"@id":"https:\/\/macadamtraining.fr\/mon-kilometre-sante\/#website"},"datePublished":"2017-11-16T16:31:50+00:00","dateModified":"2025-01-22T07:19:18+00:00","breadcrumb":{"@id":"https:\/\/macadamtraining.fr\/mon-kilometre-sante\/sommes-helene-bosse-macadamtrainers\/#breadcrumb"},"inLanguage":"fr-FR","potentialAction":[{"@type":"ReadAction","target":["https:\/\/macadamtraining.fr\/mon-kilometre-sante\/sommes-helene-bosse-macadamtrainers\/"]}]},{"@type":"BreadcrumbList","@id":"https:\/\/macadamtraining.fr\/mon-kilometre-sante\/sommes-helene-bosse-macadamtrainers\/#breadcrumb","itemListElement":[{"@type":"ListItem","position":1,"name":"Accueil","item":"https:\/\/macadamtraining.fr\/mon-kilometre-sante\/"},{"@type":"ListItem","position":2,"name":"Qui sommes nous ?"}]},{"@type":"WebSite","@id":"https:\/\/macadamtraining.fr\/mon-kilometre-sante\/#website","url":"https:\/\/macadamtraining.fr\/mon-kilometre-sante\/","name":"Macadamtraining - Mon kilom\u00e8tre sant\u00e9","description":"Avec nos macadamtrainer - D\u00e9couvrez le sport en mileu urbain autrement !","potentialAction":[{"@type":"SearchAction","target":{"@type":"EntryPoint","urlTemplate":"https:\/\/macadamtraining.fr\/mon-kilometre-sante\/?s={search_term_string}"},"query-input":{"@type":"PropertyValueSpecification","valueRequired":true,"valueName":"search_term_string"}}],"inLanguage":"fr-FR"}]}},"_links":{"self":[{"href":"https:\/\/macadamtraining.fr\/mon-kilometre-sante\/wp-json\/wp\/v2\/pages\/570","targetHints":{"allow":["GET"]}}],"collection":[{"href":"https:\/\/macadamtraining.fr\/mon-kilometre-sante\/wp-json\/wp\/v2\/pages"}],"about":[{"href":"https:\/\/macadamtraining.fr\/mon-kilometre-sante\/wp-json\/wp\/v2\/types\/page"}],"author":[{"embeddable":true,"href":"https:\/\/macadamtraining.fr\/mon-kilometre-sante\/wp-json\/wp\/v2\/users\/1"}],"replies":[{"embeddable":true,"href":"https:\/\/macadamtraining.fr\/mon-kilometre-sante\/wp-json\/wp\/v2\/comments?post=570"}],"version-history":[{"count":3,"href":"https:\/\/macadamtraining.fr\/mon-kilometre-sante\/wp-json\/wp\/v2\/pages\/570\/revisions"}],"predecessor-version":[{"id":4924,"href":"https:\/\/macadamtraining.fr\/mon-kilometre-sante\/wp-json\/wp\/v2\/pages\/570\/revisions\/4924"}],"wp:attachment":[{"href":"https:\/\/macadamtraining.fr\/mon-kilometre-sante\/wp-json\/wp\/v2\/media?parent=570"}],"curies":[{"name":"wp","href":"https:\/\/api.w.org\/{rel}","templated":true}]}}