{"id":265,"date":"2017-10-16T15:27:35","date_gmt":"2017-10-16T13:27:35","guid":{"rendered":"http:\/\/macadamtraining.fr\/mon-kilometre-sante\/?page_id=265"},"modified":"2023-06-08T14:46:11","modified_gmt":"2023-06-08T12:46:11","slug":"actualite","status":"publish","type":"page","link":"https:\/\/macadamtraining.fr\/mon-kilometre-sante\/actualite\/","title":{"rendered":"Les actualit\u00e9s Macadamtraining"},"content":{"rendered":"[et_pb_section fb_built=\u00a0\u00bb1&Prime; module_class=\u00a0\u00bblogo-hdp\u00a0\u00bb _builder_version=\u00a0\u00bb3.22&Prime; background_image=\u00a0\u00bbhttps:\/\/macadamtraining.fr\/mon-kilometre-sante\/wp-content\/uploads\/2017\/12\/parcours_macadam.jpg\u00a0\u00bb background_size=\u00a0\u00bbcontain\u00a0\u00bb background_position=\u00a0\u00bbtop_center\u00a0\u00bb custom_css_main_element=\u00a0\u00bbpadding-top: 30px !important;\u00a0\u00bb][et_pb_row column_structure=\u00a0\u00bb1_4,1_2,1_4&Prime; _builder_version=\u00a0\u00bb3.25&Prime;][et_pb_column type=\u00a0\u00bb1_4&Prime; _builder_version=\u00a0\u00bb3.25&Prime; custom_padding=\u00a0\u00bb|||\u00a0\u00bb custom_padding__hover=\u00a0\u00bb|||\u00a0\u00bb][\/et_pb_column][et_pb_column type=\u00a0\u00bb1_2&Prime; _builder_version=\u00a0\u00bb3.25&Prime; custom_padding=\u00a0\u00bb|||\u00a0\u00bb custom_padding__hover=\u00a0\u00bb|||\u00a0\u00bb][et_pb_image src=\u00a0\u00bbhttps:\/\/macadamtraining.fr\/mon-kilometre-sante\/wp-content\/uploads\/2017\/11\/logo-ok-noiretbleu-400px.png\u00a0\u00bb url=\u00a0\u00bbhttps:\/\/macadamtraining.fr\/mon-kilometre-sante\/\u00a0\u00bb align=\u00a0\u00bbcenter\u00a0\u00bb align_tablet=\u00a0\u00bbcenter\u00a0\u00bb align_phone=\u00a0\u00bb\u00a0\u00bb align_last_edited=\u00a0\u00bbon|desktop\u00a0\u00bb _builder_version=\u00a0\u00bb3.23&Prime; always_center_on_mobile=\u00a0\u00bbon\u00a0\u00bb][\/et_pb_image][\/et_pb_column][et_pb_column type=\u00a0\u00bb1_4&Prime; _builder_version=\u00a0\u00bb3.25&Prime; custom_padding=\u00a0\u00bb|||\u00a0\u00bb custom_padding__hover=\u00a0\u00bb|||\u00a0\u00bb][\/et_pb_column][\/et_pb_row][\/et_pb_section][et_pb_section fb_built=\u00a0\u00bb1&Prime; module_class=\u00a0\u00bblogo-hdp\u00a0\u00bb _builder_version=\u00a0\u00bb3.22&Prime; custom_css_main_element=\u00a0\u00bbpadding-top: 30px !important;\u00a0\u00bb][et_pb_row _builder_version=\u00a0\u00bb3.25&Prime; background_size=\u00a0\u00bbinitial\u00a0\u00bb background_position=\u00a0\u00bbtop_left\u00a0\u00bb background_repeat=\u00a0\u00bbrepeat\u00a0\u00bb][et_pb_column type=\u00a0\u00bb4_4&Prime; _builder_version=\u00a0\u00bb3.25&Prime; custom_padding=\u00a0\u00bb|||\u00a0\u00bb custom_padding__hover=\u00a0\u00bb|||\u00a0\u00bb][et_pb_post_title meta=\u00a0\u00bboff\u00a0\u00bb featured_image=\u00a0\u00bboff\u00a0\u00bb _builder_version=\u00a0\u00bb3.0.87&Prime; border_style=\u00a0\u00bbsolid\u00a0\u00bb][\/et_pb_post_title][\/et_pb_column][\/et_pb_row][et_pb_row _builder_version=\u00a0\u00bb3.25&Prime; background_size=\u00a0\u00bbinitial\u00a0\u00bb background_position=\u00a0\u00bbtop_left\u00a0\u00bb background_repeat=\u00a0\u00bbrepeat\u00a0\u00bb][et_pb_column type=\u00a0\u00bb4_4&Prime; _builder_version=\u00a0\u00bb3.25&Prime; custom_padding=\u00a0\u00bb|||\u00a0\u00bb custom_padding__hover=\u00a0\u00bb|||\u00a0\u00bb][et_pb_blog fullwidth=\u00a0\u00bboff\u00a0\u00bb posts_number=\u00a0\u00bb12&Prime; include_categories=\u00a0\u00bb1&Prime; meta_date=\u00a0\u00bbj, M Y\u00a0\u00bb show_more=\u00a0\u00bbon\u00a0\u00bb show_author=\u00a0\u00bboff\u00a0\u00bb show_date=\u00a0\u00bboff\u00a0\u00bb show_categories=\u00a0\u00bboff\u00a0\u00bb use_overlay=\u00a0\u00bbon\u00a0\u00bb overlay_icon_color=\u00a0\u00bb#000000&Prime; hover_overlay_color=\u00a0\u00bbrgba(255,255,255,0.5)\u00a0\u00bb hover_icon=\u00a0\u00bb%%47%%\u00a0\u00bb _builder_version=\u00a0\u00bb3.0.94&Prime; header_font=\u00a0\u00bbLato|||on|\u00a0\u00bb header_letter_spacing=\u00a0\u00bb1px\u00a0\u00bb body_font=\u00a0\u00bbLato||||\u00a0\u00bb text_orientation=\u00a0\u00bbcenter\u00a0\u00bb pagination_font_size_tablet=\u00a0\u00bb51&Prime; pagination_line_height_tablet=\u00a0\u00bb2&Prime; box_shadow_style=\u00a0\u00bbpreset1&Prime; box_shadow_vertical=\u00a0\u00bb1px\u00a0\u00bb box_shadow_blur=\u00a0\u00bb5px\u00a0\u00bb box_shadow_color=\u00a0\u00bbrgba(0,0,0,.1)\u00a0\u00bb border_style=\u00a0\u00bbsolid\u00a0\u00bb use_dropshadow=\u00a0\u00bbon\u00a0\u00bb][\/et_pb_blog][\/et_pb_column][\/et_pb_row][\/et_pb_section][et_pb_section fb_built=\u00a0\u00bb1&Prime; fullwidth=\u00a0\u00bbon\u00a0\u00bb admin_label=\u00a0\u00bbcarroussel macadamtrainer d\u00e9c 2020 plugin OWL\u00a0\u00bb _builder_version=\u00a0\u00bb4.9.10&Prime; global_module=\u00a0\u00bb3321&Prime; collapsed=\u00a0\u00bboff\u00a0\u00bb][et_pb_dp_oc_fw number_post=\u00a0\u00bb100&Prime; cpt_name=\u00a0\u00bbproject\u00a0\u00bb orderby=\u00a0\u00bbrand\u00a0\u00bb show_post_title=\u00a0\u00bbon\u00a0\u00bb show_post_excerpt=\u00a0\u00bbon\u00a0\u00bb items_per_slide=\u00a0\u00bb3&Prime; show_control=\u00a0\u00bboff\u00a0\u00bb lazy_load=\u00a0\u00bbon\u00a0\u00bb arrow_size=\u00a0\u00bb6em\u00a0\u00bb slide_auto=\u00a0\u00bboff\u00a0\u00bb thumbnail_size=\u00a0\u00bbmedium\u00a0\u00bb number_thumb=\u00a0\u00bb7&Prime; number_thumb_tablet=\u00a0\u00bb5&Prime; number_thumb_phone=\u00a0\u00bb3&Prime; number_thumb_last_edited=\u00a0\u00bbon|phone\u00a0\u00bb item_margin=\u00a0\u00bb0&Prime; _builder_version=\u00a0\u00bb4.7.7&Prime; _module_preset=\u00a0\u00bbdefault\u00a0\u00bb post_title_font=\u00a0\u00bb|700|||||||\u00a0\u00bb post_title_font_size=\u00a0\u00bb0.87vw\u00a0\u00bb post_title_line_height=\u00a0\u00bb1.4em\u00a0\u00bb post_excerpt_text_align=\u00a0\u00bbcenter\u00a0\u00bb post_excerpt_font_size=\u00a0\u00bb0.8vw\u00a0\u00bb post_excerpt_line_height=\u00a0\u00bb1.2em\u00a0\u00bb text_orientation=\u00a0\u00bbcenter\u00a0\u00bb module_alignment=\u00a0\u00bbcenter\u00a0\u00bb custom_margin=\u00a0\u00bb0px|0px|0px|0px|false|false\u00a0\u00bb custom_padding=\u00a0\u00bb0px|0px|0px|0px|false|false\u00a0\u00bb][\/et_pb_dp_oc_fw][\/et_pb_section]\n","protected":false},"excerpt":{"rendered":"","protected":false},"author":1,"featured_media":0,"parent":0,"menu_order":0,"comment_status":"closed","ping_status":"closed","template":"","meta":{"_et_pb_use_builder":"on","_et_pb_old_content":"","_et_gb_content_width":"","footnotes":""},"class_list":["post-265","page","type-page","status-publish","hentry"],"yoast_head":"<!-- This site is optimized with the Yoast SEO plugin v27.5 - https:\/\/yoast.com\/product\/yoast-seo-wordpress\/ -->\n<title>Les actualit\u00e9s Macadamtraining - Macadamtraining - Mon kilom\u00e8tre sant\u00e9<\/title>\n<meta name=\"robots\" content=\"index, follow, max-snippet:-1, max-image-preview:large, max-video-preview:-1\" \/>\n<link rel=\"canonical\" href=\"https:\/\/macadamtraining.fr\/mon-kilometre-sante\/actualite\/\" \/>\n<meta property=\"og:locale\" content=\"fr_FR\" \/>\n<meta property=\"og:type\" content=\"article\" \/>\n<meta property=\"og:title\" content=\"Les actualit\u00e9s Macadamtraining - Macadamtraining - Mon kilom\u00e8tre sant\u00e9\" \/>\n<meta property=\"og:url\" content=\"https:\/\/macadamtraining.fr\/mon-kilometre-sante\/actualite\/\" \/>\n<meta property=\"og:site_name\" content=\"Macadamtraining - Mon kilom\u00e8tre sant\u00e9\" \/>\n<meta property=\"article:publisher\" content=\"https:\/\/www.facebook.com\/macadamtraining\/\" \/>\n<meta property=\"article:modified_time\" content=\"2023-06-08T12:46:11+00:00\" \/>\n<meta name=\"twitter:card\" content=\"summary_large_image\" \/>\n<meta name=\"twitter:label1\" content=\"Dur\u00e9e de lecture estim\u00e9e\" \/>\n\t<meta name=\"twitter:data1\" content=\"1 minute\" \/>\n<script type=\"application\/ld+json\" class=\"yoast-schema-graph\">{\"@context\":\"https:\\\/\\\/schema.org\",\"@graph\":[{\"@type\":\"WebPage\",\"@id\":\"https:\\\/\\\/macadamtraining.fr\\\/mon-kilometre-sante\\\/actualite\\\/\",\"url\":\"https:\\\/\\\/macadamtraining.fr\\\/mon-kilometre-sante\\\/actualite\\\/\",\"name\":\"Les actualit\u00e9s Macadamtraining - Macadamtraining - Mon kilom\u00e8tre sant\u00e9\",\"isPartOf\":{\"@id\":\"https:\\\/\\\/macadamtraining.fr\\\/mon-kilometre-sante\\\/#website\"},\"datePublished\":\"2017-10-16T13:27:35+00:00\",\"dateModified\":\"2023-06-08T12:46:11+00:00\",\"breadcrumb\":{\"@id\":\"https:\\\/\\\/macadamtraining.fr\\\/mon-kilometre-sante\\\/actualite\\\/#breadcrumb\"},\"inLanguage\":\"fr-FR\",\"potentialAction\":[{\"@type\":\"ReadAction\",\"target\":[\"https:\\\/\\\/macadamtraining.fr\\\/mon-kilometre-sante\\\/actualite\\\/\"]}]},{\"@type\":\"BreadcrumbList\",\"@id\":\"https:\\\/\\\/macadamtraining.fr\\\/mon-kilometre-sante\\\/actualite\\\/#breadcrumb\",\"itemListElement\":[{\"@type\":\"ListItem\",\"position\":1,\"name\":\"Accueil\",\"item\":\"https:\\\/\\\/macadamtraining.fr\\\/mon-kilometre-sante\\\/\"},{\"@type\":\"ListItem\",\"position\":2,\"name\":\"Les actualit\u00e9s Macadamtraining\"}]},{\"@type\":\"WebSite\",\"@id\":\"https:\\\/\\\/macadamtraining.fr\\\/mon-kilometre-sante\\\/#website\",\"url\":\"https:\\\/\\\/macadamtraining.fr\\\/mon-kilometre-sante\\\/\",\"name\":\"Macadamtraining - Mon kilom\u00e8tre sant\u00e9\",\"description\":\"Avec nos macadamtrainer - D\u00e9couvrez le sport en mileu urbain autrement !\",\"potentialAction\":[{\"@type\":\"SearchAction\",\"target\":{\"@type\":\"EntryPoint\",\"urlTemplate\":\"https:\\\/\\\/macadamtraining.fr\\\/mon-kilometre-sante\\\/?s={search_term_string}\"},\"query-input\":{\"@type\":\"PropertyValueSpecification\",\"valueRequired\":true,\"valueName\":\"search_term_string\"}}],\"inLanguage\":\"fr-FR\"}]}<\/script>\n<!-- \/ Yoast SEO plugin. -->","yoast_head_json":{"title":"Les actualit\u00e9s Macadamtraining - Macadamtraining - Mon kilom\u00e8tre sant\u00e9","robots":{"index":"index","follow":"follow","max-snippet":"max-snippet:-1","max-image-preview":"max-image-preview:large","max-video-preview":"max-video-preview:-1"},"canonical":"https:\/\/macadamtraining.fr\/mon-kilometre-sante\/actualite\/","og_locale":"fr_FR","og_type":"article","og_title":"Les actualit\u00e9s Macadamtraining - Macadamtraining - Mon kilom\u00e8tre sant\u00e9","og_url":"https:\/\/macadamtraining.fr\/mon-kilometre-sante\/actualite\/","og_site_name":"Macadamtraining - Mon kilom\u00e8tre sant\u00e9","article_publisher":"https:\/\/www.facebook.com\/macadamtraining\/","article_modified_time":"2023-06-08T12:46:11+00:00","twitter_card":"summary_large_image","twitter_misc":{"Dur\u00e9e de lecture estim\u00e9e":"1 minute"},"schema":{"@context":"https:\/\/schema.org","@graph":[{"@type":"WebPage","@id":"https:\/\/macadamtraining.fr\/mon-kilometre-sante\/actualite\/","url":"https:\/\/macadamtraining.fr\/mon-kilometre-sante\/actualite\/","name":"Les actualit\u00e9s Macadamtraining - Macadamtraining - Mon kilom\u00e8tre sant\u00e9","isPartOf":{"@id":"https:\/\/macadamtraining.fr\/mon-kilometre-sante\/#website"},"datePublished":"2017-10-16T13:27:35+00:00","dateModified":"2023-06-08T12:46:11+00:00","breadcrumb":{"@id":"https:\/\/macadamtraining.fr\/mon-kilometre-sante\/actualite\/#breadcrumb"},"inLanguage":"fr-FR","potentialAction":[{"@type":"ReadAction","target":["https:\/\/macadamtraining.fr\/mon-kilometre-sante\/actualite\/"]}]},{"@type":"BreadcrumbList","@id":"https:\/\/macadamtraining.fr\/mon-kilometre-sante\/actualite\/#breadcrumb","itemListElement":[{"@type":"ListItem","position":1,"name":"Accueil","item":"https:\/\/macadamtraining.fr\/mon-kilometre-sante\/"},{"@type":"ListItem","position":2,"name":"Les actualit\u00e9s Macadamtraining"}]},{"@type":"WebSite","@id":"https:\/\/macadamtraining.fr\/mon-kilometre-sante\/#website","url":"https:\/\/macadamtraining.fr\/mon-kilometre-sante\/","name":"Macadamtraining - Mon kilom\u00e8tre sant\u00e9","description":"Avec nos macadamtrainer - D\u00e9couvrez le sport en mileu urbain autrement !","potentialAction":[{"@type":"SearchAction","target":{"@type":"EntryPoint","urlTemplate":"https:\/\/macadamtraining.fr\/mon-kilometre-sante\/?s={search_term_string}"},"query-input":{"@type":"PropertyValueSpecification","valueRequired":true,"valueName":"search_term_string"}}],"inLanguage":"fr-FR"}]}},"_links":{"self":[{"href":"https:\/\/macadamtraining.fr\/mon-kilometre-sante\/wp-json\/wp\/v2\/pages\/265","targetHints":{"allow":["GET"]}}],"collection":[{"href":"https:\/\/macadamtraining.fr\/mon-kilometre-sante\/wp-json\/wp\/v2\/pages"}],"about":[{"href":"https:\/\/macadamtraining.fr\/mon-kilometre-sante\/wp-json\/wp\/v2\/types\/page"}],"author":[{"embeddable":true,"href":"https:\/\/macadamtraining.fr\/mon-kilometre-sante\/wp-json\/wp\/v2\/users\/1"}],"replies":[{"embeddable":true,"href":"https:\/\/macadamtraining.fr\/mon-kilometre-sante\/wp-json\/wp\/v2\/comments?post=265"}],"version-history":[{"count":2,"href":"https:\/\/macadamtraining.fr\/mon-kilometre-sante\/wp-json\/wp\/v2\/pages\/265\/revisions"}],"predecessor-version":[{"id":4617,"href":"https:\/\/macadamtraining.fr\/mon-kilometre-sante\/wp-json\/wp\/v2\/pages\/265\/revisions\/4617"}],"wp:attachment":[{"href":"https:\/\/macadamtraining.fr\/mon-kilometre-sante\/wp-json\/wp\/v2\/media?parent=265"}],"curies":[{"name":"wp","href":"https:\/\/api.w.org\/{rel}","templated":true}]}}