{"id":183,"date":"2017-10-12T11:36:21","date_gmt":"2017-10-12T09:36:21","guid":{"rendered":"http:\/\/macadamtraining.fr\/mon-kilometre-sante\/?page_id=183"},"modified":"2025-04-27T22:22:45","modified_gmt":"2025-04-27T20:22:45","slug":"les-macadamtrainers","status":"publish","type":"page","link":"https:\/\/macadamtraining.fr\/mon-kilometre-sante\/les-macadamtrainers\/","title":{"rendered":"Les macadamtrainers"},"content":{"rendered":"[et_pb_section fb_built=\u00a0\u00bb1&Prime; module_class=\u00a0\u00bblogo-hdp\u00a0\u00bb _builder_version=\u00a0\u00bb3.22&Prime; background_image=\u00a0\u00bbhttps:\/\/macadamtraining.fr\/mon-kilometre-sante\/wp-content\/uploads\/2017\/12\/parcours_macadam-1600&#215;420.jpg\u00a0\u00bb background_size=\u00a0\u00bbcontain\u00a0\u00bb background_position=\u00a0\u00bbtop_center\u00a0\u00bb custom_css_main_element=\u00a0\u00bbpadding-top: 30px !important;\u00a0\u00bb][et_pb_row column_structure=\u00a0\u00bb1_4,1_2,1_4&Prime; _builder_version=\u00a0\u00bb3.25&Prime;][et_pb_column type=\u00a0\u00bb1_4&Prime; _builder_version=\u00a0\u00bb3.0.47&Prime; custom_padding=\u00a0\u00bb|||\u00a0\u00bb custom_padding__hover=\u00a0\u00bb|||\u00a0\u00bb][\/et_pb_column][et_pb_column type=\u00a0\u00bb1_2&Prime; _builder_version=\u00a0\u00bb3.0.47&Prime; custom_padding=\u00a0\u00bb|||\u00a0\u00bb custom_padding__hover=\u00a0\u00bb|||\u00a0\u00bb][et_pb_image src=\u00a0\u00bbhttps:\/\/macadamtraining.fr\/mon-kilometre-sante\/wp-content\/uploads\/2017\/11\/logo-ok-noiretbleu-400px.png\u00a0\u00bb url=\u00a0\u00bbhttps:\/\/macadamtraining.fr\/mon-kilometre-sante\/\u00a0\u00bb align=\u00a0\u00bbcenter\u00a0\u00bb align_tablet=\u00a0\u00bbcenter\u00a0\u00bb align_phone=\u00a0\u00bb\u00a0\u00bb align_last_edited=\u00a0\u00bbon|desktop\u00a0\u00bb _builder_version=\u00a0\u00bb3.23&Prime; always_center_on_mobile=\u00a0\u00bbon\u00a0\u00bb][\/et_pb_image][\/et_pb_column][et_pb_column type=\u00a0\u00bb1_4&Prime; _builder_version=\u00a0\u00bb3.0.47&Prime; custom_padding=\u00a0\u00bb|||\u00a0\u00bb custom_padding__hover=\u00a0\u00bb|||\u00a0\u00bb][\/et_pb_column][\/et_pb_row][\/et_pb_section][et_pb_section fb_built=\u00a0\u00bb1&Prime; module_class=\u00a0\u00bblogo-hdp\u00a0\u00bb _builder_version=\u00a0\u00bb3.22&Prime; custom_css_main_element=\u00a0\u00bbpadding-top: 30px !important;\u00a0\u00bb][et_pb_row _builder_version=\u00a0\u00bb3.25&Prime; background_size=\u00a0\u00bbinitial\u00a0\u00bb background_position=\u00a0\u00bbtop_left\u00a0\u00bb background_repeat=\u00a0\u00bbrepeat\u00a0\u00bb][et_pb_column type=\u00a0\u00bb4_4&Prime; _builder_version=\u00a0\u00bb3.0.47&Prime; custom_padding=\u00a0\u00bb|||\u00a0\u00bb custom_padding__hover=\u00a0\u00bb|||\u00a0\u00bb][et_pb_post_title meta=\u00a0\u00bboff\u00a0\u00bb featured_image=\u00a0\u00bboff\u00a0\u00bb _builder_version=\u00a0\u00bb3.0.90&Prime; border_style=\u00a0\u00bbsolid\u00a0\u00bb][\/et_pb_post_title][et_pb_filterable_portfolio fullwidth=\u00a0\u00bboff\u00a0\u00bb posts_number=\u00a0\u00bb32&Prime; include_categories=\u00a0\u00bb10,3,12,13,5,14,11,15,26,27&Prime; show_categories=\u00a0\u00bboff\u00a0\u00bb zoom_icon_color=\u00a0\u00bb#2ea3f2&Prime; hover_icon=\u00a0\u00bb%%49%%\u00a0\u00bb admin_label=\u00a0\u00bbtous les macadamtrainers filtrable\u00a0\u00bb _builder_version=\u00a0\u00bb4.9.10&Prime; hover_enabled=\u00a0\u00bb0&Prime; pagination_font_size_tablet=\u00a0\u00bb51&Prime; pagination_line_height_tablet=\u00a0\u00bb2&Prime; z_index_tablet=\u00a0\u00bb500&Prime; title_text_shadow_horizontal_length_tablet=\u00a0\u00bb0px\u00a0\u00bb title_text_shadow_vertical_length_tablet=\u00a0\u00bb0px\u00a0\u00bb title_text_shadow_blur_strength_tablet=\u00a0\u00bb1px\u00a0\u00bb filter_text_shadow_horizontal_length_tablet=\u00a0\u00bb0px\u00a0\u00bb filter_text_shadow_vertical_length_tablet=\u00a0\u00bb0px\u00a0\u00bb filter_text_shadow_blur_strength_tablet=\u00a0\u00bb1px\u00a0\u00bb caption_text_shadow_horizontal_length_tablet=\u00a0\u00bb0px\u00a0\u00bb caption_text_shadow_vertical_length_tablet=\u00a0\u00bb0px\u00a0\u00bb caption_text_shadow_blur_strength_tablet=\u00a0\u00bb1px\u00a0\u00bb pagination_text_shadow_horizontal_length_tablet=\u00a0\u00bb0px\u00a0\u00bb pagination_text_shadow_vertical_length_tablet=\u00a0\u00bb0px\u00a0\u00bb pagination_text_shadow_blur_strength_tablet=\u00a0\u00bb1px\u00a0\u00bb box_shadow_horizontal_tablet=\u00a0\u00bb0px\u00a0\u00bb box_shadow_vertical_tablet=\u00a0\u00bb0px\u00a0\u00bb box_shadow_blur_tablet=\u00a0\u00bb40px\u00a0\u00bb box_shadow_spread_tablet=\u00a0\u00bb0px\u00a0\u00bb box_shadow_horizontal_image_tablet=\u00a0\u00bb0px\u00a0\u00bb box_shadow_vertical_image_tablet=\u00a0\u00bb0px\u00a0\u00bb box_shadow_blur_image_tablet=\u00a0\u00bb40px\u00a0\u00bb box_shadow_spread_image_tablet=\u00a0\u00bb0px\u00a0\u00bb text_shadow_horizontal_length_tablet=\u00a0\u00bb0px\u00a0\u00bb text_shadow_vertical_length_tablet=\u00a0\u00bb0px\u00a0\u00bb text_shadow_blur_strength_tablet=\u00a0\u00bb1px\u00a0\u00bb sticky_enabled=\u00a0\u00bb0&Prime;][\/et_pb_filterable_portfolio][\/et_pb_column][\/et_pb_row][et_pb_row column_structure=\u00a0\u00bb1_2,1_2&Prime; _builder_version=\u00a0\u00bb4.4.1&Prime; width=\u00a0\u00bb60%\u00a0\u00bb max_width=\u00a0\u00bb800px\u00a0\u00bb module_alignment=\u00a0\u00bbcenter\u00a0\u00bb custom_margin=\u00a0\u00bb0px||||false|false\u00a0\u00bb border_width_top=\u00a0\u00bb1px\u00a0\u00bb border_color_top=\u00a0\u00bb#999&Prime;][et_pb_column type=\u00a0\u00bb1_2&Prime; _builder_version=\u00a0\u00bb4.4.1&Prime;][et_pb_button button_url=\u00a0\u00bb@ET-DC@eyJkeW5hbWljIjp0cnVlLCJjb250ZW50IjoicG9zdF9saW5rX3VybF9wYWdlIiwic2V0dGluZ3MiOnsicG9zdF9pZCI6IjE3MzYifX0=@\u00a0\u00bb button_text=\u00a0\u00bbCarte des macadamtrainer\u00a0\u00bb button_alignment=\u00a0\u00bbcenter\u00a0\u00bb admin_label=\u00a0\u00bbCarte\u00a0\u00bb _builder_version=\u00a0\u00bb4.4.1&Prime; _dynamic_attributes=\u00a0\u00bbbutton_url\u00a0\u00bb custom_button=\u00a0\u00bbon\u00a0\u00bb button_text_color=\u00a0\u00bb#000000&Prime; button_border_color=\u00a0\u00bb#000000&Prime; button_font=\u00a0\u00bbLato|||on|||||\u00a0\u00bb button_icon=\u00a0\u00bb%%36%%\u00a0\u00bb button_border_radius_hover=\u00a0\u00bb30&Prime; button_letter_spacing_hover=\u00a0\u00bb1&Prime; button_bg_color_hover=\u00a0\u00bb#f9f9f9&Prime; saved_tabs=\u00a0\u00bball\u00a0\u00bb button_text_size__hover_enabled=\u00a0\u00bboff\u00a0\u00bb button_one_text_size__hover_enabled=\u00a0\u00bboff\u00a0\u00bb button_two_text_size__hover_enabled=\u00a0\u00bboff\u00a0\u00bb button_text_color__hover_enabled=\u00a0\u00bboff\u00a0\u00bb button_one_text_color__hover_enabled=\u00a0\u00bboff\u00a0\u00bb button_two_text_color__hover_enabled=\u00a0\u00bboff\u00a0\u00bb button_border_width__hover_enabled=\u00a0\u00bboff\u00a0\u00bb button_one_border_width__hover_enabled=\u00a0\u00bboff\u00a0\u00bb button_two_border_width__hover_enabled=\u00a0\u00bboff\u00a0\u00bb button_border_color__hover_enabled=\u00a0\u00bboff\u00a0\u00bb button_one_border_color__hover_enabled=\u00a0\u00bboff\u00a0\u00bb button_two_border_color__hover_enabled=\u00a0\u00bboff\u00a0\u00bb button_border_radius__hover_enabled=\u00a0\u00bbon\u00a0\u00bb button_border_radius__hover=\u00a0\u00bb30&Prime; button_one_border_radius__hover_enabled=\u00a0\u00bboff\u00a0\u00bb button_two_border_radius__hover_enabled=\u00a0\u00bboff\u00a0\u00bb button_letter_spacing__hover_enabled=\u00a0\u00bbon\u00a0\u00bb button_letter_spacing__hover=\u00a0\u00bb1&Prime; button_one_letter_spacing__hover_enabled=\u00a0\u00bboff\u00a0\u00bb button_two_letter_spacing__hover_enabled=\u00a0\u00bboff\u00a0\u00bb button_bg_color__hover_enabled=\u00a0\u00bbon\u00a0\u00bb button_bg_color__hover=\u00a0\u00bb#f9f9f9&Prime; button_one_bg_color__hover_enabled=\u00a0\u00bboff\u00a0\u00bb button_two_bg_color__hover_enabled=\u00a0\u00bboff\u00a0\u00bb][\/et_pb_button][\/et_pb_column][et_pb_column type=\u00a0\u00bb1_2&Prime; _builder_version=\u00a0\u00bb4.4.1&Prime;][et_pb_button button_url=\u00a0\u00bb@ET-DC@eyJkeW5hbWljIjp0cnVlLCJjb250ZW50IjoicG9zdF9saW5rX3VybF9wYWdlIiwic2V0dGluZ3MiOnsicG9zdF9pZCI6IjI4NTMifX0=@\u00a0\u00bb button_text=\u00a0\u00bbDevenir coach\u00a0\u00bb button_alignment=\u00a0\u00bbcenter\u00a0\u00bb _builder_version=\u00a0\u00bb4.4.1&Prime; _dynamic_attributes=\u00a0\u00bbbutton_url\u00a0\u00bb custom_button=\u00a0\u00bbon\u00a0\u00bb button_text_color=\u00a0\u00bb#000000&Prime; button_border_color=\u00a0\u00bb#000000&Prime; button_font=\u00a0\u00bbLato|||on|||||\u00a0\u00bb button_icon=\u00a0\u00bb%%36%%\u00a0\u00bb button_border_radius_hover=\u00a0\u00bb30&Prime; button_letter_spacing_hover=\u00a0\u00bb1&Prime; button_bg_color_hover=\u00a0\u00bb#f9f9f9&Prime; saved_tabs=\u00a0\u00bball\u00a0\u00bb button_text_size__hover_enabled=\u00a0\u00bboff\u00a0\u00bb button_one_text_size__hover_enabled=\u00a0\u00bboff\u00a0\u00bb button_two_text_size__hover_enabled=\u00a0\u00bboff\u00a0\u00bb button_text_color__hover_enabled=\u00a0\u00bboff\u00a0\u00bb button_one_text_color__hover_enabled=\u00a0\u00bboff\u00a0\u00bb button_two_text_color__hover_enabled=\u00a0\u00bboff\u00a0\u00bb button_border_width__hover_enabled=\u00a0\u00bboff\u00a0\u00bb button_one_border_width__hover_enabled=\u00a0\u00bboff\u00a0\u00bb button_two_border_width__hover_enabled=\u00a0\u00bboff\u00a0\u00bb button_border_color__hover_enabled=\u00a0\u00bboff\u00a0\u00bb button_one_border_color__hover_enabled=\u00a0\u00bboff\u00a0\u00bb button_two_border_color__hover_enabled=\u00a0\u00bboff\u00a0\u00bb button_border_radius__hover_enabled=\u00a0\u00bbon\u00a0\u00bb button_border_radius__hover=\u00a0\u00bb30&Prime; button_one_border_radius__hover_enabled=\u00a0\u00bboff\u00a0\u00bb button_two_border_radius__hover_enabled=\u00a0\u00bboff\u00a0\u00bb button_letter_spacing__hover_enabled=\u00a0\u00bbon\u00a0\u00bb button_letter_spacing__hover=\u00a0\u00bb1&Prime; button_one_letter_spacing__hover_enabled=\u00a0\u00bboff\u00a0\u00bb button_two_letter_spacing__hover_enabled=\u00a0\u00bboff\u00a0\u00bb button_bg_color__hover_enabled=\u00a0\u00bbon\u00a0\u00bb button_bg_color__hover=\u00a0\u00bb#f9f9f9&Prime; button_one_bg_color__hover_enabled=\u00a0\u00bboff\u00a0\u00bb button_two_bg_color__hover_enabled=\u00a0\u00bboff\u00a0\u00bb][\/et_pb_button][\/et_pb_column][\/et_pb_row][\/et_pb_section]\n","protected":false},"excerpt":{"rendered":"","protected":false},"author":1,"featured_media":0,"parent":0,"menu_order":0,"comment_status":"closed","ping_status":"closed","template":"","meta":{"_et_pb_use_builder":"on","_et_pb_old_content":"","_et_gb_content_width":"","footnotes":""},"class_list":["post-183","page","type-page","status-publish","hentry"],"yoast_head":"<!-- This site is optimized with the Yoast SEO plugin v27.4 - https:\/\/yoast.com\/product\/yoast-seo-wordpress\/ -->\n<title>Les macadamtrainers - Macadamtraining - Mon kilom\u00e8tre sant\u00e9<\/title>\n<meta name=\"robots\" content=\"index, follow, max-snippet:-1, max-image-preview:large, max-video-preview:-1\" \/>\n<link rel=\"canonical\" href=\"https:\/\/macadamtraining.fr\/mon-kilometre-sante\/les-macadamtrainers\/\" \/>\n<meta property=\"og:locale\" content=\"fr_FR\" \/>\n<meta property=\"og:type\" content=\"article\" \/>\n<meta property=\"og:title\" content=\"Les macadamtrainers - Macadamtraining - Mon kilom\u00e8tre sant\u00e9\" \/>\n<meta property=\"og:url\" content=\"https:\/\/macadamtraining.fr\/mon-kilometre-sante\/les-macadamtrainers\/\" \/>\n<meta property=\"og:site_name\" content=\"Macadamtraining - Mon kilom\u00e8tre sant\u00e9\" \/>\n<meta property=\"article:publisher\" content=\"https:\/\/www.facebook.com\/macadamtraining\/\" \/>\n<meta property=\"article:modified_time\" content=\"2025-04-27T20:22:45+00:00\" \/>\n<meta name=\"twitter:card\" content=\"summary_large_image\" \/>\n<meta name=\"twitter:label1\" content=\"Dur\u00e9e de lecture estim\u00e9e\" \/>\n\t<meta name=\"twitter:data1\" content=\"1 minute\" \/>\n<script type=\"application\/ld+json\" class=\"yoast-schema-graph\">{\"@context\":\"https:\\\/\\\/schema.org\",\"@graph\":[{\"@type\":\"WebPage\",\"@id\":\"https:\\\/\\\/macadamtraining.fr\\\/mon-kilometre-sante\\\/les-macadamtrainers\\\/\",\"url\":\"https:\\\/\\\/macadamtraining.fr\\\/mon-kilometre-sante\\\/les-macadamtrainers\\\/\",\"name\":\"Les macadamtrainers - Macadamtraining - Mon kilom\u00e8tre sant\u00e9\",\"isPartOf\":{\"@id\":\"https:\\\/\\\/macadamtraining.fr\\\/mon-kilometre-sante\\\/#website\"},\"datePublished\":\"2017-10-12T09:36:21+00:00\",\"dateModified\":\"2025-04-27T20:22:45+00:00\",\"breadcrumb\":{\"@id\":\"https:\\\/\\\/macadamtraining.fr\\\/mon-kilometre-sante\\\/les-macadamtrainers\\\/#breadcrumb\"},\"inLanguage\":\"fr-FR\",\"potentialAction\":[{\"@type\":\"ReadAction\",\"target\":[\"https:\\\/\\\/macadamtraining.fr\\\/mon-kilometre-sante\\\/les-macadamtrainers\\\/\"]}]},{\"@type\":\"BreadcrumbList\",\"@id\":\"https:\\\/\\\/macadamtraining.fr\\\/mon-kilometre-sante\\\/les-macadamtrainers\\\/#breadcrumb\",\"itemListElement\":[{\"@type\":\"ListItem\",\"position\":1,\"name\":\"Accueil\",\"item\":\"https:\\\/\\\/macadamtraining.fr\\\/mon-kilometre-sante\\\/\"},{\"@type\":\"ListItem\",\"position\":2,\"name\":\"Les macadamtrainers\"}]},{\"@type\":\"WebSite\",\"@id\":\"https:\\\/\\\/macadamtraining.fr\\\/mon-kilometre-sante\\\/#website\",\"url\":\"https:\\\/\\\/macadamtraining.fr\\\/mon-kilometre-sante\\\/\",\"name\":\"Macadamtraining - Mon kilom\u00e8tre sant\u00e9\",\"description\":\"Avec nos macadamtrainer - D\u00e9couvrez le sport en mileu urbain autrement !\",\"potentialAction\":[{\"@type\":\"SearchAction\",\"target\":{\"@type\":\"EntryPoint\",\"urlTemplate\":\"https:\\\/\\\/macadamtraining.fr\\\/mon-kilometre-sante\\\/?s={search_term_string}\"},\"query-input\":{\"@type\":\"PropertyValueSpecification\",\"valueRequired\":true,\"valueName\":\"search_term_string\"}}],\"inLanguage\":\"fr-FR\"}]}<\/script>\n<!-- \/ Yoast SEO plugin. -->","yoast_head_json":{"title":"Les macadamtrainers - Macadamtraining - Mon kilom\u00e8tre sant\u00e9","robots":{"index":"index","follow":"follow","max-snippet":"max-snippet:-1","max-image-preview":"max-image-preview:large","max-video-preview":"max-video-preview:-1"},"canonical":"https:\/\/macadamtraining.fr\/mon-kilometre-sante\/les-macadamtrainers\/","og_locale":"fr_FR","og_type":"article","og_title":"Les macadamtrainers - Macadamtraining - Mon kilom\u00e8tre sant\u00e9","og_url":"https:\/\/macadamtraining.fr\/mon-kilometre-sante\/les-macadamtrainers\/","og_site_name":"Macadamtraining - Mon kilom\u00e8tre sant\u00e9","article_publisher":"https:\/\/www.facebook.com\/macadamtraining\/","article_modified_time":"2025-04-27T20:22:45+00:00","twitter_card":"summary_large_image","twitter_misc":{"Dur\u00e9e de lecture estim\u00e9e":"1 minute"},"schema":{"@context":"https:\/\/schema.org","@graph":[{"@type":"WebPage","@id":"https:\/\/macadamtraining.fr\/mon-kilometre-sante\/les-macadamtrainers\/","url":"https:\/\/macadamtraining.fr\/mon-kilometre-sante\/les-macadamtrainers\/","name":"Les macadamtrainers - Macadamtraining - Mon kilom\u00e8tre sant\u00e9","isPartOf":{"@id":"https:\/\/macadamtraining.fr\/mon-kilometre-sante\/#website"},"datePublished":"2017-10-12T09:36:21+00:00","dateModified":"2025-04-27T20:22:45+00:00","breadcrumb":{"@id":"https:\/\/macadamtraining.fr\/mon-kilometre-sante\/les-macadamtrainers\/#breadcrumb"},"inLanguage":"fr-FR","potentialAction":[{"@type":"ReadAction","target":["https:\/\/macadamtraining.fr\/mon-kilometre-sante\/les-macadamtrainers\/"]}]},{"@type":"BreadcrumbList","@id":"https:\/\/macadamtraining.fr\/mon-kilometre-sante\/les-macadamtrainers\/#breadcrumb","itemListElement":[{"@type":"ListItem","position":1,"name":"Accueil","item":"https:\/\/macadamtraining.fr\/mon-kilometre-sante\/"},{"@type":"ListItem","position":2,"name":"Les macadamtrainers"}]},{"@type":"WebSite","@id":"https:\/\/macadamtraining.fr\/mon-kilometre-sante\/#website","url":"https:\/\/macadamtraining.fr\/mon-kilometre-sante\/","name":"Macadamtraining - Mon kilom\u00e8tre sant\u00e9","description":"Avec nos macadamtrainer - D\u00e9couvrez le sport en mileu urbain autrement !","potentialAction":[{"@type":"SearchAction","target":{"@type":"EntryPoint","urlTemplate":"https:\/\/macadamtraining.fr\/mon-kilometre-sante\/?s={search_term_string}"},"query-input":{"@type":"PropertyValueSpecification","valueRequired":true,"valueName":"search_term_string"}}],"inLanguage":"fr-FR"}]}},"_links":{"self":[{"href":"https:\/\/macadamtraining.fr\/mon-kilometre-sante\/wp-json\/wp\/v2\/pages\/183","targetHints":{"allow":["GET"]}}],"collection":[{"href":"https:\/\/macadamtraining.fr\/mon-kilometre-sante\/wp-json\/wp\/v2\/pages"}],"about":[{"href":"https:\/\/macadamtraining.fr\/mon-kilometre-sante\/wp-json\/wp\/v2\/types\/page"}],"author":[{"embeddable":true,"href":"https:\/\/macadamtraining.fr\/mon-kilometre-sante\/wp-json\/wp\/v2\/users\/1"}],"replies":[{"embeddable":true,"href":"https:\/\/macadamtraining.fr\/mon-kilometre-sante\/wp-json\/wp\/v2\/comments?post=183"}],"version-history":[{"count":2,"href":"https:\/\/macadamtraining.fr\/mon-kilometre-sante\/wp-json\/wp\/v2\/pages\/183\/revisions"}],"predecessor-version":[{"id":4548,"href":"https:\/\/macadamtraining.fr\/mon-kilometre-sante\/wp-json\/wp\/v2\/pages\/183\/revisions\/4548"}],"wp:attachment":[{"href":"https:\/\/macadamtraining.fr\/mon-kilometre-sante\/wp-json\/wp\/v2\/media?parent=183"}],"curies":[{"name":"wp","href":"https:\/\/api.w.org\/{rel}","templated":true}]}}